{"id":4249,"date":"2024-01-12T16:13:55","date_gmt":"2024-01-12T19:13:55","guid":{"rendered":"https:\/\/plantas.vysual.com.br\/?post_type=product&#038;p=4249"},"modified":"2024-01-17T12:50:11","modified_gmt":"2024-01-17T15:50:11","slug":"glossostigma","status":"publish","type":"product","link":"https:\/\/plantas.vysual.com.br\/index.php\/product\/glossostigma\/","title":{"rendered":"GLOSSOSTIGMA"},"content":{"rendered":"<div class=\"elementor-element elementor-element-c7a40dd elementor-drop-cap-yes elementor-drop-cap-view-default elementor-widget elementor-widget-text-editor\" data-id=\"c7a40dd\" data-element_type=\"widget\" data-settings=\"{&quot;drop_cap&quot;:&quot;yes&quot;}\" data-widget_type=\"text-editor.default\">\n<div class=\"elementor-widget-container\">\n<div data-line-height=\"1.6\">\n<div class=\"description\">\n<p>Glossostigma elatinoides da Nova Zel\u00e2ndia \u00e9 muito procurado em aqu\u00e1rios de inspira\u00e7\u00e3o japonesa. \u00c9 uma das menores plantas de aqu\u00e1rio, portanto, uma boa planta em primeiro plano. Certifique-se de que plantas maiores n\u00e3o o ofusquem. Ao plantar no aqu\u00e1rio pequenas aglomera\u00e7\u00f5es devem ser colocadas em intervalos de alguns cent\u00edmetros para ajudar as plantas a crescerem juntas mais rapidamente. A adi\u00e7\u00e3o de CO\u00b2\u00a0e \u00e1gua macia promovem um crescimento significativo.<br \/>\nUma planta de m\u00e9dia dificuldade de manuten\u00e7\u00e3o e de pequeno\u00a0porte, \u00e9 posicionada geralmente na parte frontal\u00a0do aqu\u00e1rio. Possui uma r\u00e1pida velocidade de desenvolvimento e sua propaga\u00e7\u00e3o \u00e9 feita por meio de estol\u00f5es (runners).<br \/>\nO substrato f\u00e9rtil \u00e9 necess\u00e1rio\u00a0para a manuten\u00e7\u00e3o e bom desenvolvimento da Glossostigma Elatinoides. \u00c9 importante destacar que o substrato f\u00e9rtil tamb\u00e9m desempenha um papel fundamental no equil\u00edbrio qu\u00edmico e biol\u00f3gico do aqu\u00e1rio.<br \/>\nPossui alta demanda de CO\u00b2.\u00a0Todas as plantas necessitam de CO\u00b2\u00a0em diferentes intensidades. A inje\u00e7\u00e3o de CO\u00b2\u00a0\u00e9 recomendada em todos os aqu\u00e1rios plantados variando apenas a quantidade de g\u00e1s sendo injetado na coluna d\u2019\u00e1gua.<br \/>\nA Glossostigma Elatinoides \u00e9 uma planta que requer uma forte ilumina\u00e7\u00e3o no seu aqu\u00e1rio. Uma boa ilumina\u00e7\u00e3o \u00e9 a chave para um aqu\u00e1rio plantado de sucesso, pois, te permite maior controle sobre a intensidade luminosa, \u00edndice de reprodu\u00e7\u00e3o de cor e espectro de cor adequado para o desenvolvimento da sua fauna.<\/p>\n<\/div>\n<\/div>\n<p><strong>Dos direitos autorais de imagens<\/strong><\/p>\n<p>As fotos de plantas submersas em aqu\u00e1rios na AquaPlantados para mostrar o comportamento da esp\u00e9cie na forma imersa (dentro d&#8217;\u00e1gua), em sua maioria foram retiradas da internet, e estavam sem nome e declara\u00e7\u00e3o de autoria, sendo colocadas apenas para demonstrar ao comprador como ela ficaria ap\u00f3s sua adapta\u00e7\u00e3o dentro de um certo tempo.<\/p>\n<p>Se porventura voc\u00ea for o autor da imagem e n\u00e3o gostaria que sua foto continue a ser utilizada na nossa loja online, por favor entre em contato conosco exclusivamente por e-mail, informando a imagem e qual o link da p\u00e1gina onde ela est\u00e1 para que seja removida.<\/p>\n<\/div>\n<\/div>\n","protected":false},"excerpt":{"rendered":"<p>Glossostigma elatinoides da Nova Zel\u00e2ndia \u00e9 muito procurado em aqu\u00e1rios de inspira\u00e7\u00e3o japonesa<\/p>\n<p>Mudas\/Ramos &#8211; 10X10<\/p>\n","protected":false},"featured_media":4250,"comment_status":"open","ping_status":"closed","template":"","meta":[],"product_cat":[161,158,147],"product_tag":[87,136],"class_list":{"0":"post-4249","1":"product","2":"type-product","3":"status-publish","4":"has-post-thumbnail","6":"product_cat-carpete","7":"product_cat-hi-tech","8":"product_cat-low-tech","9":"product_tag-live-plant","10":"product_tag-wild-interiors","12":"first","13":"instock","14":"sale","15":"purchasable","16":"product-type-simple"},"jetpack_sharing_enabled":true,"_links":{"self":[{"href":"https:\/\/plantas.vysual.com.br\/index.php\/wp-json\/wp\/v2\/product\/4249"}],"collection":[{"href":"https:\/\/plantas.vysual.com.br\/index.php\/wp-json\/wp\/v2\/product"}],"about":[{"href":"https:\/\/plantas.vysual.com.br\/index.php\/wp-json\/wp\/v2\/types\/product"}],"replies":[{"embeddable":true,"href":"https:\/\/plantas.vysual.com.br\/index.php\/wp-json\/wp\/v2\/comments?post=4249"}],"wp:featuredmedia":[{"embeddable":true,"href":"https:\/\/plantas.vysual.com.br\/index.php\/wp-json\/wp\/v2\/media\/4250"}],"wp:attachment":[{"href":"https:\/\/plantas.vysual.com.br\/index.php\/wp-json\/wp\/v2\/media?parent=4249"}],"wp:term":[{"taxonomy":"product_cat","embeddable":true,"href":"https:\/\/plantas.vysual.com.br\/index.php\/wp-json\/wp\/v2\/product_cat?post=4249"},{"taxonomy":"product_tag","embeddable":true,"href":"https:\/\/plantas.vysual.com.br\/index.php\/wp-json\/wp\/v2\/product_tag?post=4249"}],"curies":[{"name":"wp","href":"https:\/\/api.w.org\/{rel}","templated":true}]}}