{"id":4235,"date":"2024-01-12T15:46:46","date_gmt":"2024-01-12T18:46:46","guid":{"rendered":"https:\/\/plantas.vysual.com.br\/?post_type=product&#038;p=4235"},"modified":"2024-01-12T15:52:49","modified_gmt":"2024-01-12T18:52:49","slug":"criptocorine-cordata","status":"publish","type":"product","link":"https:\/\/plantas.vysual.com.br\/index.php\/product\/criptocorine-cordata\/","title":{"rendered":"CRYPTOCORYNE WILLISSI"},"content":{"rendered":"<div class=\"elementor-element elementor-element-c7a40dd elementor-drop-cap-yes elementor-drop-cap-view-default elementor-widget elementor-widget-text-editor\" data-id=\"c7a40dd\" data-element_type=\"widget\" data-settings=\"{&quot;drop_cap&quot;:&quot;yes&quot;}\" data-widget_type=\"text-editor.default\">\n<div class=\"elementor-widget-container\">\n<p class=\"selectable-text copyable-text iq0m558w g0rxnol2\" dir=\"ltr\"><span class=\"selectable-text copyable-text\">Cryptocoryne Willisii \u00e9 uma variante menos comum de Cryptocoryne que possui folhas alongadas verdes brilhantes. As caracter\u00edsticas s\u00e3o semelhantes \u00e0s de outras criptas, como a Crypt Lucens. Como outras plantas da mesma fam\u00edlia, cresce moderadamente e pode ser cultivada tanto submersa quanto emersa. Para propagar, simplesmente corte as novas mudas que crescem do rizoma-m\u00e3e.<\/span><\/p>\n<p class=\"selectable-text copyable-text iq0m558w g0rxnol2\" dir=\"ltr\">&#8211; Cryptocoryne prefere n\u00e3o ser movido depois de plantado. Se poss\u00edvel, n\u00e3o os mova.<br \/>\n&#8211; N\u00e3o fa\u00e7a mudan\u00e7as dr\u00e1sticas no aqu\u00e1rio. Par\u00e2metros inst\u00e1veis resultar\u00e3o no derretimento e apodrecimento da planta do aqu\u00e1rio.<br \/>\n&#8211; A inje\u00e7\u00e3o de CO2 e o solo do aqu\u00e1rio de qualidade proporcionar\u00e3o um melhor crescimento.<\/p>\n<\/div>\n<\/div>\n","protected":false},"excerpt":{"rendered":"<p><span class=\"selectable-text copyable-text\">Cryptocoryne Willisii \u00e9 uma variante menos comum de Cryptocoryne que possui folhas alongadas verdes brilhantes<\/span><\/p>\n<p>Mudas\/Ramos &#8211; 2<\/p>\n","protected":false},"featured_media":4238,"comment_status":"open","ping_status":"closed","template":"","meta":[],"product_cat":[147],"product_tag":[87,136],"class_list":{"0":"post-4235","1":"product","2":"type-product","3":"status-publish","4":"has-post-thumbnail","6":"product_cat-low-tech","7":"product_tag-live-plant","8":"product_tag-wild-interiors","10":"first","11":"instock","12":"sale","13":"purchasable","14":"product-type-simple"},"jetpack_sharing_enabled":true,"_links":{"self":[{"href":"https:\/\/plantas.vysual.com.br\/index.php\/wp-json\/wp\/v2\/product\/4235"}],"collection":[{"href":"https:\/\/plantas.vysual.com.br\/index.php\/wp-json\/wp\/v2\/product"}],"about":[{"href":"https:\/\/plantas.vysual.com.br\/index.php\/wp-json\/wp\/v2\/types\/product"}],"replies":[{"embeddable":true,"href":"https:\/\/plantas.vysual.com.br\/index.php\/wp-json\/wp\/v2\/comments?post=4235"}],"wp:featuredmedia":[{"embeddable":true,"href":"https:\/\/plantas.vysual.com.br\/index.php\/wp-json\/wp\/v2\/media\/4238"}],"wp:attachment":[{"href":"https:\/\/plantas.vysual.com.br\/index.php\/wp-json\/wp\/v2\/media?parent=4235"}],"wp:term":[{"taxonomy":"product_cat","embeddable":true,"href":"https:\/\/plantas.vysual.com.br\/index.php\/wp-json\/wp\/v2\/product_cat?post=4235"},{"taxonomy":"product_tag","embeddable":true,"href":"https:\/\/plantas.vysual.com.br\/index.php\/wp-json\/wp\/v2\/product_tag?post=4235"}],"curies":[{"name":"wp","href":"https:\/\/api.w.org\/{rel}","templated":true}]}}